Give o(1).
44
Let i(w) = w**3 - 17*w**2 - 18*w + 27. Determine i(18).
27
Let f(u) = 9*u - 9. What is f(3)?
18
Let l(m) = -m**3 + 2*m**2 - 1. What is l(0)?
-1
Let z(o) = 10*o - 29. Determine z(4).
11
Let v(t) = t**3 - 28*t**2 + 26*t + 24. Calculate v(27).
-3
Let o(r) = -r**3 + 5*r**2 + 9*r + 15. Calculate o(8).
-105
Let p(b) = 3*b**3 + 3*b**2 + 4*b + 8. What is p(-2)?
-12
Let p(k) = 8*k**2 - 272*k + 2. Determine p(34).
2
Let p(k) = -k - 14. What is p(10)?
-24
Let j(l) = l**2 + 10*l - 21. Give j(-10).
-21
Let w(o) = -o**3 + 12*o**2 + 2*o - 18. Calculate w(12).
6
Let n(b) = 21*b**2 + 168*b - 1. Give n(-8).
-1
Let b(j) = 3*j - 1. Calculate b(4).
11
Let l(u) = u**2 + 12*u + 10. Determine l(-11).
-1
Let m(t) = -4*t. Give m(-5).
20
Let g(k) = k**3 + 17*k**2 - 11. Determine g(-17).
-11
Let n(u) = -u**2 - 9*u - 1. What is n(-10)?
-11
Let w(h) = 9*h + 1. Give w(4).
37
Let g(m) = m**2 + m - 12. Determine g(3).
0
Let h(f) = 6*f**3 - f**2 + 8*f - 13. What is h(2)?
47
Let x(k) = -k**3 - 9*k**2 - 7*k + 12. Calculate x(-8).
4
Let u(c) = 12*c - 155. Give u(13).
1
Let b(u) = -u**3 + 6*u**2 + 17*u - 3. Give b(8).
5
Let x(m) = m**2 + 11*m + 8. Calculate x(-7).
-20
Let l(g) = 28*g + 2404. Calculate l(-86).
-4
Let r(p) = 18*p - 900. Give r(50).
0
Let w(b) = 32*b**2 + 3*b - 4. Determine w(1).
31
Let x(d) = -11*d - 102. What is x(-9)?
-3
Let w(x) = 2*x**2 + 42*x - 57. Give w(-23).
35
Let x(c) = -c**2 - 7*c + 12. Calculate x(-13).
-66
Let q(s) = -s**2 - 34*s - 66. What is q(-2)?
-2
Let i(v) = -3*v**2 + 69*v + 53. What is i(24)?
-19
Let y(o) = o**2 + 8*o. Give y(-9).
9
Let i(s) = 43*s + 990. What is i(-23)?
1
Let m(s) = -s**3 - 4*s**2 + 2*s + 3. Calculate m(-4).
-5
Let z(y) = -y**3 + 64*y**2 + 64*y + 64. Determine z(65).
-1
Let h(i) = -2*i**3 - 4*i**2 - 5*i - 3. Give h(-4).
81
Let j(v) = -9*v - 10. Give j(5).
-55
Let v(k) = -k + 12. Calculate v(8).
4
Let x(g) = -2*g - 14. Give x(-7).
0
Let u(c) = -3*c**2 - 71*c - 49. Calculate u(-23).
-3
Let w(h) = -h**2 - 23*h - 51. Calculate w(-20).
9
Let x(h) = -h**3 + 9*h**2 - 19*h - 6. Give x(6).
-12
Let s(u) = 19*u + 1. Calculate s(-2).
-37
Let p(v) = -2*v**3 + v + 1. Give p(-1).
2
Let z(r) = -r**2 + 5*r - 2. Determine z(4).
2
Let h(j) = j**2 + 8*j - 16. What is h(-11)?
17
Let a(x) = 5*x**2 + 1. Give a(2).
21
Let r(m) = m**3 - 15*m**2 - 27. Give r(15).
-27
Let y(r) = 2*r + 25. What is y(9)?
43
Let k(c) = -17*c**3 + 2*c**2 + 5*c + 2. What is k(-2)?
136
Let b(u) = -20*u**2 + u. Determine b(1).
-19
Let n(t) = -2*t**3 - 12*t**2 + 1. What is n(-6)?
1
Let u(j) = 7*j**3 - j**2 - 2*j - 2. Calculate u(-1).
-8
Let x(g) = -2*g**3 + 14*g**2 + 11*g + 18. Determine x(8).
-22
Let b(p) = -2*p**2 - 19*p + 729. What is b(15)?
-6
Let w(s) = s - 13. Give w(-9).
-22
Let v(p) = p**2 + 1. What is v(-6)?
37
Let h(w) = -w**2 - 13*w - 44. What is h(-7)?
-2
Let r(j) = j**2 - 15*j + 47. Calculate r(0).
47
Let o(i) = i**3 - 10*i**2 - 12*i + 7. Calculate o(11).
-4
Let n(z) = -z**2 + 23. Determine n(5).
-2
Let t(h) = -h**2 - 13*h - 19. Give t(-9).
17
Let m(s) = 2*s - 2. Calculate m(-2).
-6
Let z(r) = -r**3 - 5*r**2 + 1. What is z(-4)?
-15
Let a(j) = -16*j**2 + 10*j - 10. Give a(1).
-16
Let b(l) = -l**3 - 8*l**2 - 10*l - 1. Calculate b(-6).
-13
Let r(l) = -l**2 + 11*l - 8. What is r(9)?
10
Let x(d) = -d**2 - 4*d. Determine x(-5).
-5
Let l(s) = 2*s**3 + 2*s**2 - s + 1. Give l(-2).
-5
Let l(f) = 7*f**2 - 7*f + 10. Give l(3).
52
Let d(j) = j**3 - 3*j**2 - 2*j - 3. What is d(4)?
5
Let t(b) = -21*b - 363. What is t(-18)?
15
Let g(r) = 2*r**2 + 18*r - 10. Give g(-8).
-26
Let z(n) = 4*n. Determine z(-1).
-4
Let y(b) = -b**2 - 23*b - 115. Determine y(-13).
15
Let w(r) = 36*r - 341. Give w(9).
-17
Let h(t) = 2*t**2 - 3*t - 3. Determine h(-2).
11
Let o(n) = -n**3 - 10*n**2 - 7*n + 11. Give o(-9).
-7
Let c(v) = 10*v - 22. Determine c(0).
-22
Let h(t) = -9*t - 12. What is h(-1)?
-3
Let i(r) = -r - 2. Calculate i(-6).
4
Let o(t) = -t**3 + t - 20. What is o(0)?
-20
Let a(g) = -94*g + 376. Calculate a(4).
0
Let q(v) = -v**2 - 3*v. Calculate q(0).
0
Let i(z) = 4*z**2 - 4*z - 7. What is i(3)?
17
Let b(n) = -3*n**2 + 6*n + 4. Give b(-3).
-41
Let k(n) = n**3 + 12*n**2 + 25*n + 160. Calculate k(-11).
6
Let h(p) = -20*p + 28. What is h(2)?
-12
Let k(u) = 12*u + 4. Calculate k(-4).
-44
Let l(v) = 3*v + 47. What is l(-18)?
-7
Let k(u) = -2*u**3 - 43*u**2 - 95*u - 1. Determine k(-19).
-1
Let f(j) = 3*j + 27. What is f(-11)?
-6
Let s(d) = -d**2 - 13*d - 8. Determine s(-12).
4
Let i(j) = j**3 - j**2 + j + 35. Calculate i(0).
35
Let v(z) = -z**2 - 9*z - 12. Give v(-9).
-12
Let q(g) = -2*g**3 + 7*g**2 + 3*g - 5. What is q(5)?
-65
Let v(l) = 33*l - 231. Give v(7).
0
Let a(q) = -4*q - 12. Calculate a(5).
-32
Let x(z) = -z**3 + 8*z**2 - 6*z. What is x(7)?
7
Let b(y) = -3*y + 21. Give b(11).
-12
Let z(j) = -j**2 + 18*j + 122. Determine z(-5).
7
Let x(s) = 9*s**2 + 5*s - 5. Give x(1).
9
Let j(g) = 2*g + 21. Calculate j(29).
79
Let i(n) = 7*n + 50. What is i(-4)?
22
Let p(u) = u**3 + 2*u**2 - u - 2. Calculate p(-3).
-8
Let c(a) = -100*a - 590. Determine c(-6).
10
Let v(f) = -f**2 - 17*f - 51. What is v(-11)?
15
Let n(t) = 8*t**2 - 25*t + 3. Calculate n(3).
0
Let f(w) = w**3 + 7*w**2 - 8*w + 9. Give f(-7).
65
Let a(r) = r**2 + 5*r + 4. Calculate a(-6).
10
Let n(k) = k**3 + 8*k**2 + 11*k + 7. Give n(-6).
13
Let w(v) = -v**3 - 2*v**2 - 2*v + 2. What is w(-2)?
6
Let r(j) = j**3 + 7*j**2 + 8*j + 6. Calculate r(-6).
-6
Let z(f) = f**3 + 8*f**2 - 41. Determine z(-7).
8
Let r(t) = t**2 + 68*t + 374. Give r(-6).
2
Let k(w) = w**3 - 9*w**2 - 15*w + 20. Calculate k(10).
-30
Let a(q) = q**2 - 8*q + 1. Determine a(4).
-15
Let m(t) = -t**2 - t - 1. What is m(-6)?
-31
Let q(u) = -12*u + 60. Give q(7).
-24
Let z(c) = -c**3 + 8*c**2 + 7*c - 60. Determine z(8).
-4
Let d(i) = -i**3 + 2*i**2 + 6*i - 7. Calculate d(3).
2
Let x(b) = -2*b**2 - 9*b + 7. Give x(-5).
2
Let q(s) = s**3 + 3*s**2 - 7*s + 16. What is q(-5)?
1
Let i(n) = -n - 3. What is i(16)?
-19
Let w(i) = i**3 - 10*i**2 - 3*i + 33. Give w(10).
3
Let a(g) = 76*g + 744. Calculate a(-10).
-16
Let z(h) = h**3 + 6*h**2 + 4*h + 10. Determine z(-6).
-14
Let a(f) = -f**3 + 2*f**2 - f + 10. What is a(0)?
10
Let x(i) = i + 5. What is x(11)?
16
Let p(k) = k**3 - 11*k - 10. Calculate p(-3).
-4
Let a(d) = 9*d - 35. Give a(5).
10
Let q(w) = -w**3 + 4*w**2 + 4*w - 14. Determine q(5).
-19
Let x(b) = -b**3 + 5*b**2 + 8*b - 4. What is x(8)?
-132
Let w(m) = 32*m + 136. Calculate w(-4).
8
Let h(j) = -j**3 - 2*j**2 + j + 4. What is h(-2)?
2
Let a(q) = q**2 - 5*q - 3. Give a(6).
3
Let w(i) = i**3 - 15*i**2 + 13*i + 26. What is w(14)?
12
Let j(n) = -2*n**3 - 14*n**2 - 14*n - 13. Give j(-6).
-1
Let r(f) = 7*f - 68. Determine r(9).
-5
Let m(z) = -z**3 + 7*z**2 + 20*z - 12. Determine m(9).
6
Let y(q) = 27*q + 143. Calculate y(-5).
8
Let k(a) = a**2 + 9*a - 13. Give k(-12).
23
Let x(z) = 20*z - 26. Determine x(4).
54
Let s(g) = 5*g**2 + g + 1. Calculate s(2).
23
Let v(u) = 6*u**3 + 2*u**2 + 101*u - 103. Calculate v(1).
6
Let f(l) = 3*l + 31. Calculate f(-8).
7
Let t(a) = -a**3 + 12*a**2 + 12*a - 5. Give t(13).
-18
Let q(i) = i**3 - 9*i**2 - 14*i - 8. Determine q(10).
-48
Let f(c) = -5*c**2 + 8*c + 4. Calculate f(3).
-17
Let k(f) = 4*f - 68. Calculate k(17).
0
Let z(g) = 6*g + 166. What is z(-24)?
22
Let v(s) = -23*s - 1. Calculate v(-1).
22
Let w(i) = i**2 + 2*i + 2. Determine w(5).
37
Let d(y) = -y**3 - 6*y**2 - 5*y - 2. Determine d(-2).
-8
Let q(r) = -r**2 + 25*r - 11. Determine q(24).
13
Let y(w) = -w**3 - w - 23. Calculate y(0).
-23
Let w(t) = -t**2 - 6*t - 6. What is w(-3)?
3
Let l(m) = -15*m - 52. Calculate l(-4).
8
Let d(m) = m**2 - 11*m - 21. What is d(12)?
-9
Let o(k) = k + 1. Determine o(-10).
-9
Let b(h) = h**3 + 21*h**2 - 22*h - 13. Give b(-22).
-13
Let q(a) = a**2 - 6*a - 6. Give q(7).
1
Let u(i) = -i**3 - 6*i**2 + 6*i - 9. Calculate u(-7).
-2
Let s(z) = 23*z - 3. Determine s(3).
66
Let c(f) = 2*f**3 + f**2 - 3*f + 1. Give c(1).
1
Let g(p) = -42*p - 8. Determine g(1).
-50
Let p(z) = -z**3 + 19*z**2 + 5*z + 294. Give p(20).
-6
Let p(z) = -z**3 + 31*z**2 + 68*z - 64. Determine p(33).
2
Let w(s) = 6*s + 127. What is w(-21)?
1
Let y(o) = o - 1. Give y(24).
23
Let m(n) = n**2 - 7*n + 11. Determine m(4).
-1
Let m(w) = 2*w**3 + w**2 - w + 2. Calculate m(-2).
-8
Let g(h) 